{"id":23928,"date":"2025-11-28T00:49:11","date_gmt":"2025-11-28T00:49:11","guid":{"rendered":"https:\/\/cnoss.sn\/?page_id=23928"},"modified":"2025-12-17T00:02:48","modified_gmt":"2025-12-17T00:02:48","slug":"centre-de-somone","status":"publish","type":"page","link":"https:\/\/cnoss.sn\/?page_id=23928","title":{"rendered":"Centre de Somone"},"content":{"rendered":"\t\t<div data-elementor-type=\"wp-page\" data-elementor-id=\"23928\" class=\"elementor elementor-23928\">\n\t\t\t\t\t\t<section class=\"elementor-section elementor-top-section elementor-element elementor-element-2239a21 elementor-section-boxed elementor-section-height-default elementor-section-height-default\" data-id=\"2239a21\" data-element_type=\"section\" data-e-type=\"section\">\n\t\t\t\t\t\t<div class=\"elementor-container elementor-column-gap-default\">\n\t\t\t\t\t<div class=\"elementor-column elementor-col-100 elementor-top-column elementor-element elementor-element-9b98098\" data-id=\"9b98098\" data-element_type=\"column\" data-e-type=\"column\">\n\t\t\t<div class=\"elementor-widget-wrap elementor-element-populated\">\n\t\t\t\t\t\t<div class=\"elementor-element elementor-element-3e520d7 elementor-widget elementor-widget-heading\" data-id=\"3e520d7\" data-element_type=\"widget\" data-e-type=\"widget\" data-widget_type=\"heading.default\">\n\t\t\t\t<div class=\"elementor-widget-container\">\n\t\t\t\t\t<h3 class=\"elementor-heading-title elementor-size-default\"><b> Pr\u00e9sentation du Centre Olympafrica de Somone<\/b><\/h3>\t\t\t\t<\/div>\n\t\t\t\t<\/div>\n\t\t\t\t\t<\/div>\n\t\t<\/div>\n\t\t\t\t\t<\/div>\n\t\t<\/section>\n\t\t\t\t<section class=\"elementor-section elementor-top-section elementor-element elementor-element-91aef64 elementor-section-boxed elementor-section-height-default elementor-section-height-default\" data-id=\"91aef64\" data-element_type=\"section\" data-e-type=\"section\">\n\t\t\t\t\t\t<div class=\"elementor-container elementor-column-gap-default\">\n\t\t\t\t\t<div class=\"elementor-column elementor-col-100 elementor-top-column elementor-element elementor-element-8c0baa5\" data-id=\"8c0baa5\" data-element_type=\"column\" data-e-type=\"column\">\n\t\t\t<div class=\"elementor-widget-wrap\">\n\t\t\t\t\t\t\t<\/div>\n\t\t<\/div>\n\t\t\t\t\t<\/div>\n\t\t<\/section>\n\t\t\t\t<section class=\"elementor-section elementor-top-section elementor-element elementor-element-9cd6353 elementor-section-boxed elementor-section-height-default elementor-section-height-default\" data-id=\"9cd6353\" data-element_type=\"section\" data-e-type=\"section\">\n\t\t\t\t\t\t<div class=\"elementor-container elementor-column-gap-default\">\n\t\t\t\t\t<div class=\"elementor-column elementor-col-100 elementor-top-column elementor-element elementor-element-1ee0738\" data-id=\"1ee0738\" data-element_type=\"column\" data-e-type=\"column\">\n\t\t\t<div class=\"elementor-widget-wrap elementor-element-populated\">\n\t\t\t\t\t\t<div class=\"elementor-element elementor-element-5f65d38 elementor-widget elementor-widget-image\" data-id=\"5f65d38\" data-element_type=\"widget\" data-e-type=\"widget\" data-widget_type=\"image.default\">\n\t\t\t\t<div class=\"elementor-widget-container\">\n\t\t\t\t\t\t\t\t\t\t\t\t\t\t\t<img fetchpriority=\"high\" decoding=\"async\" width=\"810\" height=\"456\" src=\"https:\/\/cnoss.sn\/wp-content\/uploads\/2025\/12\/WhatsApp-Image-2025-12-08-a-11.20.41_79aea379-1024x576.jpg\" class=\"attachment-large size-large wp-image-24127\" alt=\"\" srcset=\"https:\/\/cnoss.sn\/wp-content\/uploads\/2025\/12\/WhatsApp-Image-2025-12-08-a-11.20.41_79aea379-1024x576.jpg 1024w, https:\/\/cnoss.sn\/wp-content\/uploads\/2025\/12\/WhatsApp-Image-2025-12-08-a-11.20.41_79aea379-300x169.jpg 300w, https:\/\/cnoss.sn\/wp-content\/uploads\/2025\/12\/WhatsApp-Image-2025-12-08-a-11.20.41_79aea379-768x432.jpg 768w, https:\/\/cnoss.sn\/wp-content\/uploads\/2025\/12\/WhatsApp-Image-2025-12-08-a-11.20.41_79aea379-600x338.jpg 600w, https:\/\/cnoss.sn\/wp-content\/uploads\/2025\/12\/WhatsApp-Image-2025-12-08-a-11.20.41_79aea379.jpg 1080w\" sizes=\"(max-width: 810px) 100vw, 810px\" \/>\t\t\t\t\t\t\t\t\t\t\t\t\t\t\t<\/div>\n\t\t\t\t<\/div>\n\t\t\t\t\t<\/div>\n\t\t<\/div>\n\t\t\t\t\t<\/div>\n\t\t<\/section>\n\t\t\t\t<section class=\"elementor-section elementor-top-section elementor-element elementor-element-0b848a8 elementor-section-boxed elementor-section-height-default elementor-section-height-default\" data-id=\"0b848a8\" data-element_type=\"section\" data-e-type=\"section\">\n\t\t\t\t\t\t<div class=\"elementor-container elementor-column-gap-default\">\n\t\t\t\t\t<div class=\"elementor-column elementor-col-100 elementor-top-column elementor-element elementor-element-f2cf7c5\" data-id=\"f2cf7c5\" data-element_type=\"column\" data-e-type=\"column\">\n\t\t\t<div class=\"elementor-widget-wrap elementor-element-populated\">\n\t\t\t\t\t\t<div class=\"elementor-element elementor-element-16892f3 elementor-widget elementor-widget-text-editor\" data-id=\"16892f3\" data-element_type=\"widget\" data-e-type=\"widget\" data-widget_type=\"text-editor.default\">\n\t\t\t\t<div class=\"elementor-widget-container\">\n\t\t\t\t\t\t\t\t\t<p>Situ\u00e9 au c\u0153ur de la station touristique de Somone, le Centre Olympafrica Juan Antonio Samaranch est le tout premier centre du r\u00e9seau Olympafrica. Cr\u00e9\u00e9 en 1989 et inaugur\u00e9 le 24 f\u00e9vrier 1990, il a vu la pr\u00e9sence de hautes personnalit\u00e9s : Madame \u00c9lisabeth Diouf, Premi\u00e8re Dame du S\u00e9n\u00e9gal, Monsieur Juan Antonio Samaranch, Pr\u00e9sident du CIO, ainsi que Federico Mayor, Directeur g\u00e9n\u00e9ral de l\u2019UNESCO.<\/p><p>Dirig\u00e9 depuis 2001 par M. Saliou Diagne, le centre s\u2019appuie sur une \u00e9quipe d\u2019une quinzaine d\u2019animateurs pour mener \u00e0 bien ses missions. Il accueille r\u00e9guli\u00e8rement une dizaine d\u2019\u00e9coles pour les activit\u00e9s d\u2019\u00e9ducation physique et sportive, ainsi que de nombreuses \u00e9coles et clubs de football, basket-ball, judo et rugby. Sa zone d\u2019influence d\u00e9passe largement Somone, attirant \u00e9galement les jeunes des villages environnants.<\/p><p>Le Centre Olympafrica poursuit trois objectifs fondamentaux :<\/p><p><span style=\"white-space: normal;\"> \u2022 Promouvoir l\u2019expansion de l\u2019Olympisme,<\/span><\/p><p><span style=\"white-space: normal;\"> \u2022 Redonner espoir et perspectives \u00e0 la jeunesse,<\/span><\/p><p><span style=\"white-space: normal;\"> \u2022 S\u2019appuyer sur la force sociale et l\u2019impact populaire du sport pour contribuer au d\u00e9veloppement local.<\/span><\/p>\t\t\t\t\t\t\t\t<\/div>\n\t\t\t\t<\/div>\n\t\t\t\t\t<\/div>\n\t\t<\/div>\n\t\t\t\t\t<\/div>\n\t\t<\/section>\n\t\t\t\t<\/div>\n\t\t","protected":false},"excerpt":{"rendered":"<p>Pr\u00e9sentation du Centre Olympafrica de Somone Situ\u00e9 au c\u0153ur de la station touristique de Somone, le Centre Olympafrica Juan Antonio Samaranch est le tout premier centre du r\u00e9seau Olympafrica. Cr\u00e9\u00e9 en 1989 et inaugur\u00e9 le 24 f\u00e9vrier 1990, il a vu la pr\u00e9sence de hautes personnalit\u00e9s : Madame \u00c9lisabeth Diouf, Premi\u00e8re Dame du S\u00e9n\u00e9gal, Monsieur &hellip; <\/p>\n","protected":false},"author":1,"featured_media":23086,"parent":0,"menu_order":0,"comment_status":"closed","ping_status":"closed","template":"","meta":{"footnotes":""},"class_list":["post-23928","page","type-page","status-publish","has-post-thumbnail","hentry","latest_post"],"_links":{"self":[{"href":"https:\/\/cnoss.sn\/index.php?rest_route=\/wp\/v2\/pages\/23928","targetHints":{"allow":["GET"]}}],"collection":[{"href":"https:\/\/cnoss.sn\/index.php?rest_route=\/wp\/v2\/pages"}],"about":[{"href":"https:\/\/cnoss.sn\/index.php?rest_route=\/wp\/v2\/types\/page"}],"author":[{"embeddable":true,"href":"https:\/\/cnoss.sn\/index.php?rest_route=\/wp\/v2\/users\/1"}],"replies":[{"embeddable":true,"href":"https:\/\/cnoss.sn\/index.php?rest_route=%2Fwp%2Fv2%2Fcomments&post=23928"}],"version-history":[{"count":9,"href":"https:\/\/cnoss.sn\/index.php?rest_route=\/wp\/v2\/pages\/23928\/revisions"}],"predecessor-version":[{"id":24133,"href":"https:\/\/cnoss.sn\/index.php?rest_route=\/wp\/v2\/pages\/23928\/revisions\/24133"}],"wp:featuredmedia":[{"embeddable":true,"href":"https:\/\/cnoss.sn\/index.php?rest_route=\/wp\/v2\/media\/23086"}],"wp:attachment":[{"href":"https:\/\/cnoss.sn\/index.php?rest_route=%2Fwp%2Fv2%2Fmedia&parent=23928"}],"curies":[{"name":"wp","href":"https:\/\/api.w.org\/{rel}","templated":true}]}}