{"id":23897,"date":"2025-11-27T23:15:08","date_gmt":"2025-11-27T23:15:08","guid":{"rendered":"https:\/\/cnoss.sn\/?page_id=23897"},"modified":"2025-11-28T15:10:08","modified_gmt":"2025-11-28T15:10:08","slug":"le-president-du-cnoss","status":"publish","type":"page","link":"https:\/\/cnoss.sn\/?page_id=23897","title":{"rendered":"Le Pr\u00e9sident du CNOSS"},"content":{"rendered":"\t\t<div data-elementor-type=\"wp-page\" data-elementor-id=\"23897\" class=\"elementor elementor-23897\">\n\t\t\t\t\t\t<section class=\"elementor-section elementor-top-section elementor-element elementor-element-4226f65 elementor-section-boxed elementor-section-height-default elementor-section-height-default\" data-id=\"4226f65\" data-element_type=\"section\" data-e-type=\"section\">\n\t\t\t\t\t\t<div class=\"elementor-container elementor-column-gap-default\">\n\t\t\t\t\t<div class=\"elementor-column elementor-col-100 elementor-top-column elementor-element elementor-element-98fead3\" data-id=\"98fead3\" data-element_type=\"column\" data-e-type=\"column\">\n\t\t\t<div class=\"elementor-widget-wrap elementor-element-populated\">\n\t\t\t\t\t\t<div class=\"elementor-element elementor-element-512597f elementor-widget elementor-widget-image\" data-id=\"512597f\" data-element_type=\"widget\" data-e-type=\"widget\" data-widget_type=\"image.default\">\n\t\t\t\t<div class=\"elementor-widget-container\">\n\t\t\t\t\t\t\t\t\t\t\t\t\t\t\t<img fetchpriority=\"high\" decoding=\"async\" width=\"408\" height=\"395\" src=\"https:\/\/cnoss.sn\/wp-content\/uploads\/2025\/08\/cropped-cropped-IMG_4999-1.jpg\" class=\"attachment-large size-large wp-image-23288\" alt=\"\" srcset=\"https:\/\/cnoss.sn\/wp-content\/uploads\/2025\/08\/cropped-cropped-IMG_4999-1.jpg 408w, https:\/\/cnoss.sn\/wp-content\/uploads\/2025\/08\/cropped-cropped-IMG_4999-1-300x290.jpg 300w, https:\/\/cnoss.sn\/wp-content\/uploads\/2025\/08\/cropped-cropped-IMG_4999-1-12x12.jpg 12w, https:\/\/cnoss.sn\/wp-content\/uploads\/2025\/08\/cropped-cropped-IMG_4999-1-370x358.jpg 370w\" sizes=\"(max-width: 408px) 100vw, 408px\" \/>\t\t\t\t\t\t\t\t\t\t\t\t\t\t\t<\/div>\n\t\t\t\t<\/div>\n\t\t\t\t\t<\/div>\n\t\t<\/div>\n\t\t\t\t\t<\/div>\n\t\t<\/section>\n\t\t\t\t<section class=\"elementor-section elementor-top-section elementor-element elementor-element-0dd3d80 elementor-section-boxed elementor-section-height-default elementor-section-height-default\" data-id=\"0dd3d80\" data-element_type=\"section\" data-e-type=\"section\">\n\t\t\t\t\t\t<div class=\"elementor-container elementor-column-gap-default\">\n\t\t\t\t\t<div class=\"elementor-column elementor-col-50 elementor-top-column elementor-element elementor-element-7a06bcb\" data-id=\"7a06bcb\" data-element_type=\"column\" data-e-type=\"column\">\n\t\t\t<div class=\"elementor-widget-wrap elementor-element-populated\">\n\t\t\t\t\t\t<div class=\"elementor-element elementor-element-b29116e elementor-widget__width-initial elementor-widget elementor-widget-image\" data-id=\"b29116e\" data-element_type=\"widget\" data-e-type=\"widget\" data-widget_type=\"image.default\">\n\t\t\t\t<div class=\"elementor-widget-container\">\n\t\t\t\t\t\t\t\t\t\t\t\t\t\t\t<img decoding=\"async\" width=\"810\" height=\"540\" src=\"https:\/\/cnoss.sn\/wp-content\/uploads\/2025\/11\/IMG005-1024x683.jpg\" class=\"attachment-large size-large wp-image-23944\" alt=\"\" srcset=\"https:\/\/cnoss.sn\/wp-content\/uploads\/2025\/11\/IMG005-1024x683.jpg 1024w, https:\/\/cnoss.sn\/wp-content\/uploads\/2025\/11\/IMG005-300x200.jpg 300w, https:\/\/cnoss.sn\/wp-content\/uploads\/2025\/11\/IMG005-768x512.jpg 768w, https:\/\/cnoss.sn\/wp-content\/uploads\/2025\/11\/IMG005-1536x1025.jpg 1536w, https:\/\/cnoss.sn\/wp-content\/uploads\/2025\/11\/IMG005-2048x1366.jpg 2048w, https:\/\/cnoss.sn\/wp-content\/uploads\/2025\/11\/IMG005-600x400.jpg 600w\" sizes=\"(max-width: 810px) 100vw, 810px\" \/>\t\t\t\t\t\t\t\t\t\t\t\t\t\t\t<\/div>\n\t\t\t\t<\/div>\n\t\t\t\t\t<\/div>\n\t\t<\/div>\n\t\t\t\t<div class=\"elementor-column elementor-col-50 elementor-top-column elementor-element elementor-element-69ac050\" data-id=\"69ac050\" data-element_type=\"column\" data-e-type=\"column\">\n\t\t\t<div class=\"elementor-widget-wrap elementor-element-populated\">\n\t\t\t\t\t\t<div class=\"elementor-element elementor-element-5448580 elementor-widget elementor-widget-heading\" data-id=\"5448580\" data-element_type=\"widget\" data-e-type=\"widget\" data-widget_type=\"heading.default\">\n\t\t\t\t<div class=\"elementor-widget-container\">\n\t\t\t\t\t<h1 class=\"elementor-heading-title elementor-size-default\"><br>Mamadou Ndiagna\nNDIAYE<\/h1>\t\t\t\t<\/div>\n\t\t\t\t<\/div>\n\t\t\t\t<div class=\"elementor-element elementor-element-4a48730 elementor-widget elementor-widget-text-editor\" data-id=\"4a48730\" data-element_type=\"widget\" data-e-type=\"widget\" data-widget_type=\"text-editor.default\">\n\t\t\t\t<div class=\"elementor-widget-container\">\n\t\t\t\t\t\t\t\t\t<h4>Pr\u00e9sident du Comit\u00e9 National Olympique Sportif S\u00e9n\u00e9galais depuis 2007<\/h4>\t\t\t\t\t\t\t\t<\/div>\n\t\t\t\t<\/div>\n\t\t\t\t\t<\/div>\n\t\t<\/div>\n\t\t\t\t\t<\/div>\n\t\t<\/section>\n\t\t\t\t<\/div>\n\t\t","protected":false},"excerpt":{"rendered":"<p>Mamadou Ndiagna NDIAYE Pr\u00e9sident du Comit\u00e9 National Olympique Sportif S\u00e9n\u00e9galais depuis 2007<\/p>\n","protected":false},"author":1,"featured_media":23086,"parent":0,"menu_order":0,"comment_status":"closed","ping_status":"closed","template":"","meta":{"footnotes":""},"class_list":["post-23897","page","type-page","status-publish","has-post-thumbnail","hentry","latest_post"],"_links":{"self":[{"href":"https:\/\/cnoss.sn\/index.php?rest_route=\/wp\/v2\/pages\/23897","targetHints":{"allow":["GET"]}}],"collection":[{"href":"https:\/\/cnoss.sn\/index.php?rest_route=\/wp\/v2\/pages"}],"about":[{"href":"https:\/\/cnoss.sn\/index.php?rest_route=\/wp\/v2\/types\/page"}],"author":[{"embeddable":true,"href":"https:\/\/cnoss.sn\/index.php?rest_route=\/wp\/v2\/users\/1"}],"replies":[{"embeddable":true,"href":"https:\/\/cnoss.sn\/index.php?rest_route=%2Fwp%2Fv2%2Fcomments&post=23897"}],"version-history":[{"count":19,"href":"https:\/\/cnoss.sn\/index.php?rest_route=\/wp\/v2\/pages\/23897\/revisions"}],"predecessor-version":[{"id":23960,"href":"https:\/\/cnoss.sn\/index.php?rest_route=\/wp\/v2\/pages\/23897\/revisions\/23960"}],"wp:featuredmedia":[{"embeddable":true,"href":"https:\/\/cnoss.sn\/index.php?rest_route=\/wp\/v2\/media\/23086"}],"wp:attachment":[{"href":"https:\/\/cnoss.sn\/index.php?rest_route=%2Fwp%2Fv2%2Fmedia&parent=23897"}],"curies":[{"name":"wp","href":"https:\/\/api.w.org\/{rel}","templated":true}]}}